{"id":1298,"date":"2025-08-07T12:15:18","date_gmt":"2025-08-07T10:15:18","guid":{"rendered":"https:\/\/www.rsg-kostheim.de\/wordpress\/?page_id=1298"},"modified":"2025-10-09T20:37:31","modified_gmt":"2025-10-09T18:37:31","slug":"faq","status":"publish","type":"page","link":"https:\/\/www.rsg-kostheim.de\/wordpress\/faq\/","title":{"rendered":"H\u00e4ufig gestellte Fragen (FAQ)"},"content":{"rendered":"\n<p class=\"wp-block-paragraph\">Du m\u00f6chtest mehr \u00fcber die Reitsportgemeinschaft Mainz-Kostheim erfahren oder planst deinen ersten Besuch bei uns? Dann bist du hier genau richtig!<\/p>\n\n\n\n<p class=\"wp-block-paragraph\">In unseren <strong>h\u00e4ufig gestellten Fragen<\/strong> findest du Antworten auf viele Themen rund um den Einstieg in den Reitunterricht, unsere Schulpferde, Mitgliedschaften, Veranstaltungen und Angebote f\u00fcr Kinder. Egal ob du selbst reiten m\u00f6chtest, dein Kind anmelden willst oder einfach neugierig bist \u2013 wir haben die wichtigsten Infos f\u00fcr dich zusammengestellt.<\/p>\n\n\n\n<p class=\"wp-block-paragraph\">Sollte deine Frage hier nicht beantwortet werden, z\u00f6gere nicht, uns direkt zu kontaktieren \u2013 wir helfen dir gerne weiter!<\/p>\n\n\n\n<div style=\"height:50px\" aria-hidden=\"true\" class=\"wp-block-spacer\"><\/div>\n\n\n\n<h3 class=\"wp-block-heading\">Ab welchem Alter kann mein Kind mit dem Reiten beginnen?<\/h3>\n\n\n\n<p class=\"wp-block-paragraph\"><em><em>Beim Ponyclub k\u00f6nnen Kinder generell ab dem Kindergartenalter teilnehmen. Bei Unsicherheit sprich uns bitte gern<\/em>e einfach an und wir schauen gemeinsam, wann und in welcher Gruppe der passende Start f\u00fcr dein Kind sein k\u00f6nnte.<\/em><\/p>\n\n\n\n<div style=\"height:50px\" aria-hidden=\"true\" class=\"wp-block-spacer\"><\/div>\n\n\n\n<h3 class=\"wp-block-heading\">Wann wechselt mein Kind in die n\u00e4chste Reit-Gruppe?<\/h3>\n\n\n\n<p class=\"wp-block-paragraph\"><em>In der Regel ist der Ponyclub gedacht f\u00fcr Kinder von ca. 3-6 Jahren, die F\u00fchrz\u00fcgel-Gruppe f\u00fcr Kinder, die sich etrwa im Grundschulalter befinden, und die Einzelstunden f\u00fcr \u00e4ltere Kinder, Jugendliche und Erwachsene, die ohne Hilfe ein Pferd im Schritt warmf\u00fchren und f\u00fcr den Unterricht selbstst\u00e4ndig vor- und nachbereiten k\u00f6nnen.<\/em><\/p>\n\n\n\n<p class=\"wp-block-paragraph\"><em>Wie lange welches Kind in welcher Gruppe reitet, ist individuell sehr unterschiedlich und abh\u00e4ngig von sportlichem Geschick, Pers\u00f6nlichkeit und Interesse des jeweiligen Kindes. Jedes Kind lernt unterschiedlich schnell, hat verschiedene Interessen und mehr oder weniger Freude an bestimmten Elementen des Unterrichts \u2013 Sicherheit, Spa\u00df und Lernfortschritt stehen an erster Stelle.<\/em><\/p>\n\n\n\n<div style=\"height:50px\" aria-hidden=\"true\" class=\"wp-block-spacer\"><\/div>\n\n\n\n<h3 class=\"wp-block-heading\">Was muss ich oder mein Kind zum Reitunterricht mitbringen?<\/h3>\n\n\n\n<p class=\"wp-block-paragraph\"><em>Idealerweise tr\u00e4gt man zum Reitunterricht einen gut sitzenden Reithelm (alternativ funktioniert auch ein ebenso gut sitzender Fahrradhelm). Am besten sitzt der Helm, wenn man seinen eigenen mitbringt. Es ist jedoch auch eine begrenzte Auswahl an Helmen zum Ausleihen vorhanden.<\/em><\/p>\n\n\n\n<p class=\"wp-block-paragraph\"><em>Weiterhin empfiehlt es sich, eine Reithose zu tragen oder alternativ eine Leggings &#8211; jedoch sollte beachtet werden, dass diese am besten keine Naht an der Bein-Innenseite haben sollten, um unangenehmes Reiben beim Reiten zu vermeiden.<\/em><\/p>\n\n\n\n<p class=\"wp-block-paragraph\"><em>Festes Schuhwerk ist im Umgang mit Pferden Pflicht. Optimal sind Reitstiefel oder -stiefeletten. F\u00fcr den Anfang klappt es \u00fcbergangsweise auch mit gut sitzenden Gummistiefeln oder festen Wanderschuhen.<\/em><\/p>\n\n\n\n<p class=\"wp-block-paragraph\"><em>Abgesehen davon sollte die Kleidung der Witterung und Temperatur angepasst sein, &#8222;Zwiebel-Look&#8220; eignet sich gut, um hier m\u00f6glichst flexibel zu sein.<\/em><\/p>\n\n\n\n<p class=\"wp-block-paragraph\"><em>Zu guter Letzt darf nat\u00fcrlich immer auch etwas zu Trinken mitgebracht werden, um sich nach der Reitstunde zu erfrischen &#8211; insbesondere bei sommerlichen Temperaturen.<\/em><\/p>\n\n\n\n<div style=\"height:50px\" aria-hidden=\"true\" class=\"wp-block-spacer\"><\/div>\n\n\n\n<h3 class=\"wp-block-heading\">Gibt es Parkpl\u00e4tze vor Ort?<\/h3>\n\n\n\n<p class=\"wp-block-paragraph\"><em>Ja, auf unserer Anlage kann geparkt werden, z.B. gegen\u00fcber von den Paddockboxen, l\u00e4ngs an den B\u00fcschen, die die Bahnanlage s\u00e4umen.<\/em><\/p>\n\n\n\n<p class=\"wp-block-paragraph\"><em>Bitte grunds\u00e4tzlich beim Parken immer darauf achten, dass Wege frei bleiben f\u00fcr die Pferde, aber auch f\u00fcr unsere Hof-Fahrzeuge wie Traktoren, Anh\u00e4nger, etc.<\/em><\/p>\n\n\n\n<div style=\"height:50px\" aria-hidden=\"true\" class=\"wp-block-spacer\"><\/div>\n\n\n\n<h3 class=\"wp-block-heading\">Wie kann ich mich zu Veranstaltungen anmelden?<\/h3>\n\n\n\n<p class=\"wp-block-paragraph\"><em>F\u00fcr unsere Veranstaltungen, wie z.B. die Kanu-Tour oder Lehrg\u00e4nge rund ums Pferd, h\u00e4ngen die Teilnehmerlisten in der Regel im Stall-Geb\u00e4ude aus. Wenn wir zu neuen Veranstaltungen informieren, gibt es dabei auch immer einen Hinweis darauf, wo und wie die Anmeldung zu finden ist. <\/em><\/p>\n","protected":false},"excerpt":{"rendered":"<p>Du m\u00f6chtest mehr \u00fcber die Reitsportgemeinschaft Mainz-Kostheim erfahren oder planst deinen ersten Besuch bei uns? Dann bist du hier genau richtig! In unseren h\u00e4ufig gestellten Fragen findest du Antworten auf viele Themen rund um den Einstieg in den Reitunterricht, unsere Schulpferde, Mitgliedschaften, Veranstaltungen und Angebote f\u00fcr Kinder. Egal ob du selbst reiten m\u00f6chtest, dein Kind anmelden willst oder einfach neugierig bist \u2013 wir haben die wichtigsten Infos f\u00fcr dich zusammengestellt. Sollte deine Frage hier nicht beantwortet werden, z\u00f6gere nicht, uns direkt zu kontaktieren \u2013 wir helfen dir gerne weiter! Ab welchem Alter kann mein Kind mit dem Reiten beginnen? Beim Ponyclub k\u00f6nnen Kinder generell ab dem Kindergartenalter teilnehmen. Bei Unsicherheit sprich uns bitte gerne einfach an und wir schauen gemeinsam, wann und in welcher Gruppe der passende Start f\u00fcr dein Kind sein k\u00f6nnte. Wann wechselt mein Kind in die n\u00e4chste Reit-Gruppe? In der Regel ist der Ponyclub gedacht f\u00fcr Kinder von ca. 3-6 Jahren, die F\u00fchrz\u00fcgel-Gruppe f\u00fcr Kinder, die sich etrwa im Grundschulalter befinden, und die Einzelstunden f\u00fcr \u00e4ltere Kinder, Jugendliche und Erwachsene, die ohne Hilfe ein Pferd im Schritt warmf\u00fchren und f\u00fcr den Unterricht selbstst\u00e4ndig vor- und nachbereiten k\u00f6nnen. Wie lange welches Kind in welcher Gruppe reitet, ist individuell sehr unterschiedlich und abh\u00e4ngig von sportlichem Geschick, Pers\u00f6nlichkeit und Interesse des jeweiligen Kindes. Jedes Kind lernt unterschiedlich schnell, hat verschiedene Interessen und mehr oder weniger Freude an bestimmten Elementen des Unterrichts \u2013 Sicherheit, Spa\u00df und Lernfortschritt stehen an erster Stelle. Was muss ich oder mein Kind zum Reitunterricht mitbringen? Idealerweise tr\u00e4gt man zum Reitunterricht einen gut sitzenden Reithelm (alternativ funktioniert auch ein ebenso gut sitzender Fahrradhelm). Am besten sitzt der Helm, wenn man seinen eigenen mitbringt. Es ist jedoch auch eine begrenzte Auswahl an Helmen zum Ausleihen vorhanden. Weiterhin empfiehlt es sich, eine Reithose zu tragen oder alternativ eine Leggings &#8211; jedoch sollte beachtet werden, dass diese am besten keine Naht an der Bein-Innenseite haben sollten, um unangenehmes Reiben beim Reiten zu vermeiden. Festes Schuhwerk ist im Umgang mit Pferden Pflicht. Optimal sind Reitstiefel oder -stiefeletten. F\u00fcr den Anfang klappt es \u00fcbergangsweise auch mit gut sitzenden Gummistiefeln oder festen Wanderschuhen. Abgesehen davon sollte die Kleidung der Witterung und Temperatur angepasst sein, &#8222;Zwiebel-Look&#8220; eignet sich gut, um hier m\u00f6glichst flexibel zu sein. Zu guter Letzt darf nat\u00fcrlich immer auch etwas zu Trinken mitgebracht werden, um sich nach der Reitstunde zu erfrischen &#8211; insbesondere bei sommerlichen Temperaturen. Gibt es Parkpl\u00e4tze vor Ort? Ja, auf unserer Anlage kann geparkt werden, z.B. gegen\u00fcber von den Paddockboxen, l\u00e4ngs an den B\u00fcschen, die die Bahnanlage s\u00e4umen. Bitte grunds\u00e4tzlich beim Parken immer darauf achten, dass Wege frei bleiben f\u00fcr die Pferde, aber auch f\u00fcr unsere Hof-Fahrzeuge wie Traktoren, Anh\u00e4nger, etc. Wie kann ich mich zu Veranstaltungen anmelden? F\u00fcr unsere Veranstaltungen, wie z.B. die Kanu-Tour oder Lehrg\u00e4nge rund ums Pferd, h\u00e4ngen die Teilnehmerlisten in der Regel im Stall-Geb\u00e4ude aus. Wenn wir zu neuen Veranstaltungen informieren, gibt es dabei auch immer einen Hinweis darauf, wo und wie die Anmeldung zu finden ist.<\/p>\n","protected":false},"author":1,"featured_media":0,"parent":0,"menu_order":0,"comment_status":"closed","ping_status":"closed","template":"","meta":{"_crdt_document":"","footnotes":""},"class_list":["post-1298","page","type-page","status-publish","hentry"],"_links":{"self":[{"href":"https:\/\/www.rsg-kostheim.de\/wordpress\/wp-json\/wp\/v2\/pages\/1298","targetHints":{"allow":["GET"]}}],"collection":[{"href":"https:\/\/www.rsg-kostheim.de\/wordpress\/wp-json\/wp\/v2\/pages"}],"about":[{"href":"https:\/\/www.rsg-kostheim.de\/wordpress\/wp-json\/wp\/v2\/types\/page"}],"author":[{"embeddable":true,"href":"https:\/\/www.rsg-kostheim.de\/wordpress\/wp-json\/wp\/v2\/users\/1"}],"replies":[{"embeddable":true,"href":"https:\/\/www.rsg-kostheim.de\/wordpress\/wp-json\/wp\/v2\/comments?post=1298"}],"version-history":[{"count":9,"href":"https:\/\/www.rsg-kostheim.de\/wordpress\/wp-json\/wp\/v2\/pages\/1298\/revisions"}],"predecessor-version":[{"id":1761,"href":"https:\/\/www.rsg-kostheim.de\/wordpress\/wp-json\/wp\/v2\/pages\/1298\/revisions\/1761"}],"wp:attachment":[{"href":"https:\/\/www.rsg-kostheim.de\/wordpress\/wp-json\/wp\/v2\/media?parent=1298"}],"curies":[{"name":"wp","href":"https:\/\/api.w.org\/{rel}","templated":true}]}}