{"id":1020,"date":"2025-08-05T16:54:26","date_gmt":"2025-08-05T14:54:26","guid":{"rendered":"https:\/\/www.rsg-kostheim.de\/wordpress\/?page_id=1020"},"modified":"2025-11-13T13:39:28","modified_gmt":"2025-11-13T12:39:28","slug":"dressurunterreicht","status":"publish","type":"page","link":"https:\/\/www.rsg-kostheim.de\/wordpress\/dressurunterreicht\/","title":{"rendered":"Dressurunterricht"},"content":{"rendered":"\n<p class=\"wp-block-paragraph\">Wir bieten qualifizierten Reitunterricht f\u00fcr alle, die (wieder) einsteigen m\u00f6chten \u2013 Jugendliche und Erwachsene von E- bis M-Niveau.<\/p>\n\n\n\n<p class=\"wp-block-paragraph\">In unseren Gruppen reiten maximal 2 Personen gleichzeitig.<\/p>\n\n\n\n<p class=\"wp-block-paragraph\">F\u00fcr fortgeschrittene Reiter*innen bieten wir auch Intensivstunden auf unseren Schulpferden an. Geritten wird einzeln, jeweils 20 Minuten. Die Pferde werden unter Aufsicht vorbereitet und abgeritten. So kann jede*r individuell und mit einem best\u00e4ndigen Reitpartner gef\u00f6rdert werden.<br>Geritten wird 1x w\u00f6chentlich nach Absprache.<\/p>\n\n\n\n<div style=\"height:30px\" aria-hidden=\"true\" class=\"wp-block-spacer\"><\/div>\n\n\n<div class=\"wp-block-image\">\n<figure class=\"aligncenter size-full is-resized\"><img loading=\"lazy\" decoding=\"async\" width=\"652\" height=\"652\" src=\"https:\/\/www.rsg-kostheim.de\/wordpress\/wp-content\/uploads\/2025\/10\/WhatsApp-Image-2025-10-07-at-08.30.39.jpeg\" alt=\"\" class=\"wp-image-1707\" style=\"width:364px;height:auto\" srcset=\"https:\/\/www.rsg-kostheim.de\/wordpress\/wp-content\/uploads\/2025\/10\/WhatsApp-Image-2025-10-07-at-08.30.39.jpeg 652w, https:\/\/www.rsg-kostheim.de\/wordpress\/wp-content\/uploads\/2025\/10\/WhatsApp-Image-2025-10-07-at-08.30.39-300x300.jpeg 300w, https:\/\/www.rsg-kostheim.de\/wordpress\/wp-content\/uploads\/2025\/10\/WhatsApp-Image-2025-10-07-at-08.30.39-150x150.jpeg 150w, https:\/\/www.rsg-kostheim.de\/wordpress\/wp-content\/uploads\/2025\/10\/WhatsApp-Image-2025-10-07-at-08.30.39-75x75.jpeg 75w\" sizes=\"auto, (max-width: 652px) 100vw, 652px\" \/><\/figure>\n<\/div>\n\n\n<div style=\"height:49px\" aria-hidden=\"true\" class=\"wp-block-spacer\"><\/div>\n\n\n\n<p class=\"wp-block-paragraph\"><em>Leider sind zurzeit alle Pl\u00e4tze belegt. Wir f\u00fchren aber eine Warteliste. Gerne nehmen wir Interessierte auf und melden uns, wenn ein Platz in einer passenden Gruppe frei wird. Daf\u00fcr ben\u00f6tigen wir deinen Namen und Geburtsdatum sowie eine Handynummer oder Mail-Adresse f\u00fcr die R\u00fcckmeldung.<\/em><\/p>\n\n\n\n<p class=\"wp-block-paragraph\"><em>Sende bitte diese Informationen (und gerne auch weitere Fragen) an&nbsp;<a href=\"mailto:reitstunden@rsg-kostheim.de\">reitstunden@rsg-kostheim.de<\/a><\/em><\/p>\n","protected":false},"excerpt":{"rendered":"<p>Wir bieten qualifizierten Reitunterricht f\u00fcr alle, die (wieder) einsteigen m\u00f6chten \u2013 Jugendliche und Erwachsene von E- bis M-Niveau. In unseren Gruppen reiten maximal 2 Personen gleichzeitig. F\u00fcr fortgeschrittene Reiter*innen bieten wir auch Intensivstunden auf unseren Schulpferden an. Geritten wird einzeln, jeweils 20 Minuten. Die Pferde werden unter Aufsicht vorbereitet und abgeritten. So kann jede*r individuell und mit einem best\u00e4ndigen Reitpartner gef\u00f6rdert werden.Geritten wird 1x w\u00f6chentlich nach Absprache. Leider sind zurzeit alle Pl\u00e4tze belegt. Wir f\u00fchren aber eine Warteliste. Gerne nehmen wir Interessierte auf und melden uns, wenn ein Platz in einer passenden Gruppe frei wird. Daf\u00fcr ben\u00f6tigen wir deinen Namen und Geburtsdatum sowie eine Handynummer oder Mail-Adresse f\u00fcr die R\u00fcckmeldung. Sende bitte diese Informationen (und gerne auch weitere Fragen) an&nbsp;reitstunden@rsg-kostheim.de<\/p>\n","protected":false},"author":1,"featured_media":0,"parent":0,"menu_order":0,"comment_status":"closed","ping_status":"closed","template":"","meta":{"_crdt_document":"","footnotes":""},"class_list":["post-1020","page","type-page","status-publish","hentry"],"_links":{"self":[{"href":"https:\/\/www.rsg-kostheim.de\/wordpress\/wp-json\/wp\/v2\/pages\/1020","targetHints":{"allow":["GET"]}}],"collection":[{"href":"https:\/\/www.rsg-kostheim.de\/wordpress\/wp-json\/wp\/v2\/pages"}],"about":[{"href":"https:\/\/www.rsg-kostheim.de\/wordpress\/wp-json\/wp\/v2\/types\/page"}],"author":[{"embeddable":true,"href":"https:\/\/www.rsg-kostheim.de\/wordpress\/wp-json\/wp\/v2\/users\/1"}],"replies":[{"embeddable":true,"href":"https:\/\/www.rsg-kostheim.de\/wordpress\/wp-json\/wp\/v2\/comments?post=1020"}],"version-history":[{"count":9,"href":"https:\/\/www.rsg-kostheim.de\/wordpress\/wp-json\/wp\/v2\/pages\/1020\/revisions"}],"predecessor-version":[{"id":1923,"href":"https:\/\/www.rsg-kostheim.de\/wordpress\/wp-json\/wp\/v2\/pages\/1020\/revisions\/1923"}],"wp:attachment":[{"href":"https:\/\/www.rsg-kostheim.de\/wordpress\/wp-json\/wp\/v2\/media?parent=1020"}],"curies":[{"name":"wp","href":"https:\/\/api.w.org\/{rel}","templated":true}]}}